{"id":33,"date":"2019-02-06T13:34:29","date_gmt":"2019-02-06T13:34:29","guid":{"rendered":"http:\/\/rock-foto.uken-lemke.eu\/?page_id=33"},"modified":"2024-11-28T18:00:53","modified_gmt":"2024-11-28T17:00:53","slug":"home","status":"publish","type":"page","link":"https:\/\/rock-foto.uken-lemke.eu\/","title":{"rendered":"Home"},"content":{"rendered":"<h5>\u00a0<\/h5>\r\n\r\n<h4 style=\"text-align: center;\">Herzlich Willkommen zur Internetpr\u00e4senz von Rock-Foto.<\/h4>\r\n<p style=\"text-align: center;\">Hier pr\u00e4sentiere ich ausschlie\u00dflich meine eigenen Fotos.\u00a0 <span style=\"color: #ffff00;\"><a style=\"color: #ffff00;\" href=\"https:\/\/rock-foto.uken-lemke.eu\/?page_id=170\">(\u00a9)<\/a><\/span><\/p>\r\n<p style=\"text-align: center;\">Das sind Fotos von Live Events von Rock bis Klassik.<\/p>\r\n\r\n\r\n\r\n\r\n\r\n<h3 style=\"text-align: center;\"><span style=\"color: #ff0000;\"><strong>Diese Seiten werden z.Z. nur sporadisch aktualisiert.<\/strong><\/span><br \/><span style=\"color: #ff0000;\"><strong>Meine aktuellen Fotos seht ihr bei <a href=\"https:\/\/www.facebook.com\/hansjurgen.ukenlemke\" target=\"_blank\" rel=\"noopener\">Facebook<\/a> und <a href=\"https:\/\/www.instagram.com\/hansjurgen399\/\" target=\"_blank\" rel=\"noopener\">Instagram<\/a>.<\/strong><\/span><\/h3>\r\n\r\n\r\n\r\n<p style=\"text-align: center;\">Feedback gerne an: <a href=\"mailto:Rock-Foto@Uken-Lemke.eu\"><em> Rock-<\/em><em>Foto@Uken-L<\/em><em>emke.eu<\/em><\/a><em> oder ins <\/em><a href=\"https:\/\/rock-foto.uken-lemke.eu\/?page_id=270\"><em>G\u00e4stebuch<\/em><\/a><\/p>\r\n<p>&nbsp;<\/p>\r\n<p><a href=\"https:\/\/rock-foto.uken-lemke.eu\/?page_id=270\"><img loading=\"lazy\" decoding=\"async\" class=\" wp-image-217 aligncenter\" src=\"https:\/\/rock-foto.uken-lemke.eu\/wp-content\/uploads\/2019\/02\/logo-2-300x197.png\" alt=\"\" width=\"337\" height=\"221\" srcset=\"https:\/\/rock-foto.uken-lemke.eu\/wp-content\/uploads\/2019\/02\/logo-2-300x197.png 300w, https:\/\/rock-foto.uken-lemke.eu\/wp-content\/uploads\/2019\/02\/logo-2-768x505.png 768w, https:\/\/rock-foto.uken-lemke.eu\/wp-content\/uploads\/2019\/02\/logo-2-1024x674.png 1024w, https:\/\/rock-foto.uken-lemke.eu\/wp-content\/uploads\/2019\/02\/logo-2.png 1296w\" sizes=\"(max-width: 337px) 100vw, 337px\" \/><\/a><\/p>\r\n<h5><a href=\"https:\/\/rock-foto.uken-lemke.eu\/?page_id=270\"><span style=\"color: #ff6600;\"><img loading=\"lazy\" decoding=\"async\" class=\"alignright wp-image-468 \" src=\"https:\/\/rock-foto.uken-lemke.eu\/wp-content\/uploads\/2019\/03\/G\u00e4stebuch-2-300x61.png\" alt=\"\" width=\"152\" height=\"31\" srcset=\"https:\/\/rock-foto.uken-lemke.eu\/wp-content\/uploads\/2019\/03\/G\u00e4stebuch-2-300x61.png 300w, https:\/\/rock-foto.uken-lemke.eu\/wp-content\/uploads\/2019\/03\/G\u00e4stebuch-2-768x157.png 768w, https:\/\/rock-foto.uken-lemke.eu\/wp-content\/uploads\/2019\/03\/G\u00e4stebuch-2-1024x210.png 1024w, https:\/\/rock-foto.uken-lemke.eu\/wp-content\/uploads\/2019\/03\/G\u00e4stebuch-2.png 1050w\" sizes=\"(max-width: 152px) 100vw, 152px\" \/><\/span><\/a><a href=\"https:\/\/www.facebook.com\/UkenLemke\"><img loading=\"lazy\" decoding=\"async\" class=\"alignnone  wp-image-1240\" src=\"https:\/\/rock-foto.uken-lemke.eu\/wp-content\/uploads\/facebook-logo-prev.png\" alt=\"\" width=\"225\" height=\"50\" srcset=\"https:\/\/rock-foto.uken-lemke.eu\/wp-content\/uploads\/facebook-logo-prev.png 400w, https:\/\/rock-foto.uken-lemke.eu\/wp-content\/uploads\/facebook-logo-prev-300x67.png 300w\" sizes=\"(max-width: 225px) 100vw, 225px\" \/><\/a><\/h5>\r\n","protected":false},"excerpt":{"rendered":"<p>\u00a0 Herzlich Willkommen zur Internetpr\u00e4senz von Rock-Foto. Hier pr\u00e4sentiere ich ausschlie\u00dflich meine eigenen Fotos.\u00a0 (\u00a9) Das sind Fotos von Live Events von Rock bis Klassik. Diese Seiten werden z.Z. nur sporadisch aktualisiert.Meine aktuellen Fotos seht ihr bei Facebook und Instagram.<\/p>\n","protected":false},"author":2,"featured_media":0,"parent":0,"menu_order":0,"comment_status":"closed","ping_status":"closed","template":"","meta":{"footnotes":""},"_links":{"self":[{"href":"https:\/\/rock-foto.uken-lemke.eu\/index.php?rest_route=\/wp\/v2\/pages\/33"}],"collection":[{"href":"https:\/\/rock-foto.uken-lemke.eu\/index.php?rest_route=\/wp\/v2\/pages"}],"about":[{"href":"https:\/\/rock-foto.uken-lemke.eu\/index.php?rest_route=\/wp\/v2\/types\/page"}],"author":[{"embeddable":true,"href":"https:\/\/rock-foto.uken-lemke.eu\/index.php?rest_route=\/wp\/v2\/users\/2"}],"replies":[{"embeddable":true,"href":"https:\/\/rock-foto.uken-lemke.eu\/index.php?rest_route=%2Fwp%2Fv2%2Fcomments&post=33"}],"version-history":[{"count":34,"href":"https:\/\/rock-foto.uken-lemke.eu\/index.php?rest_route=\/wp\/v2\/pages\/33\/revisions"}],"predecessor-version":[{"id":1445,"href":"https:\/\/rock-foto.uken-lemke.eu\/index.php?rest_route=\/wp\/v2\/pages\/33\/revisions\/1445"}],"wp:attachment":[{"href":"https:\/\/rock-foto.uken-lemke.eu\/index.php?rest_route=%2Fwp%2Fv2%2Fmedia&parent=33"}],"curies":[{"name":"wp","href":"https:\/\/api.w.org\/{rel}","templated":true}]}}